{"id":1437,"date":"2016-05-02T14:35:20","date_gmt":"2016-05-02T12:35:20","guid":{"rendered":"http:\/\/www.patientennetz.net\/?page_id=1437"},"modified":"2025-02-24T22:41:12","modified_gmt":"2025-02-24T21:41:12","slug":"gesundheitsselbsthilfe-nrw","status":"publish","type":"page","link":"https:\/\/www.patientennetz.net\/?page_id=1437","title":{"rendered":"Gesundheitsselbsthilfe NRW"},"content":{"rendered":"<h3><strong>Gesundheitsselbsthilfe NRW<\/strong><\/h3>\n<p>Die <a href=\"https:\/\/www.paritaet-nrw.org\/soziale-arbeit\/themen\/gesundheit-und-selbsthilfe\/gesundheitsselbsthilfe\/\">Gesundheitsselbsthilfe NRW<\/a> (Wittener Kreis) ist ein Zusammenschluss von ca. 70 Selbsthilfe-Landesverb\u00e4nden in Nordrhein-Westfalen und steht f\u00fcr aktive Zusammenarbeit und Vernetzung, Austausch und Information. Im Jahr 1992 als &#8222;Facharbeitskreis der Gesundheitsselbsthilfe und -f\u00f6rderung im Parit\u00e4tischen NRW&#8220; gegr\u00fcndet hat sich das Netzwerk zu einer solidarischen Interessenvertretung gegen\u00fcber \u00d6ffentlichkeit, Politik, den Gesetzlichen Krankenkassen sowie weiteren Akteuren im Gesundheitswesen entwickelt. Selbsthilfe-Landesverb\u00e4nde sind im Gegensatz zu regionalen Selbsthilfe-Gruppen landesweit aktiv und verf\u00fcgen daher auch \u00fcber eine gr\u00f6\u00dfere Organisationsstruktur. Diese Strukturen sind sehr unterschiedlich: Die Bandbreite reicht von gro\u00dfen Verb\u00e4nden mit mehreren tausend Mitgliedern bis hin zu kleinen Verb\u00e4nden mit 50 -100 Mitgliedern, die haupt- und ehrenamtlich t\u00e4tig sind.<\/p>\n<p><strong>Selbsthilfe-Verb\u00e4nde unterst\u00fctzen indikations- und problembezogen<\/strong><br \/>\nDie Selbsthilfe-Verb\u00e4nde sind, wie die Selbsthilfe-Kontaktstellen, wichtiger Bestandteil in der Infrastruktur der Selbsthilfe: Sie unterst\u00fctzen ihre \u00f6rtlichen Gruppen indikations- und problembezogen und meist landesweit, w\u00e4hrend Selbsthilfe-Kontaktstellen thematisch \u00fcbergreifend und \u00f6rtlich t\u00e4tig sind.<\/p>\n<p><strong>Aufgaben Sprecherteam und &#8222;Erweiterter Sprecherkreis&#8220;<\/strong><br \/>\nAlle drei Jahre w\u00e4hlt der Zusammenschluss der Gesundheitsselbsthilfe NRW aus seiner Mitte ein Sprecherteam und den so genannten \u201eErweiterten Sprecherkreis\u201c. Diese Personen vertreten die Gesundheitsselbsthilfe NRW in verschiedenen Gremien. Dazu geh\u00f6ren unter anderen der Arbeitsausschuss des PatientInnen Netzwerkes NRW, die Landesgesundheitskonferenz, der Koordinierungsausschuss Patientenbeteiligung, die Patientenbeir\u00e4te der Kassen\u00e4rztlichen Vereinigungen Nordrhein und Westfalen und die Ethikkommission der \u00c4rztekammer Nordrhein.<\/p>\n<p><strong>Die Sprecherin und Sprecher sind aktuell:<\/strong><\/p>\n<ul>\n<li>Dr. Christiane Erbel, Arbeitsgemeinschaft der Rheinisch-Westf\u00e4lischen Elternkreise drogengef\u00e4hrdeter und abh\u00e4ngiger Menschen e.V. in NRW, <a href=\"https:\/\/arwed-nrw.de\/\">Arwed e.V.<\/a><\/li>\n<li>Patrik Maas, Gesch\u00e4ftsf\u00fchrer der <a href=\"https:\/\/www.ahnrw.de\/aidshilfe-nrw\/front_content.php\">Aids-Hilfe NRW e.V.<\/a><\/li>\n<li>Dr. Volker Runge, ehrenamtliches Vorstandsmitglied des <a href=\"https:\/\/www.aphasiker-nrw.de\/\">Landesverbandes der Aphasiker NRW e.V<\/a><\/li>\n<\/ul>\n<p><strong>Zum &#8222;Erweiterten Sprecherkreis&#8220; geh\u00f6ren folgende Vertreter der Selbsthilfe-Landesverb\u00e4nde<\/strong>:<\/p>\n<ul>\n<li>Marion H\u00f6lterhoff, <a href=\"https:\/\/www.civ-news.de\/\">Cochlea Implantat Verband NRW e.V.<\/a><\/li>\n<li>Birgit Lork, <a href=\"https:\/\/www.rett.de\/de\/\">Rett Deutschland e.V<\/a>.<\/li>\n<li>Malte Thoenni\u00dfen, <a href=\"https:\/\/nrw.menschen-mit-diabetes.de\/\">Deutsche Diabetes-Hilfe, Landesverband NRW<\/a><\/li>\n<li>Ulf Jacob, Gesch\u00e4ftsf\u00fchrer der <a href=\"https:\/\/www.rheuma-liga-nrw.de\/\">Deutschen Rheuma-Liga NRW e.V.<\/a><\/li>\n<\/ul>\n<p><strong>sowie die hauptamtlichen Vertreterinnen des Parit\u00e4tischen NRW:<\/strong><\/p>\n<ul>\n<li>Katharina Benner, Leiterin des Gesch\u00e4ftsbereichs Engagement, Selbsthilfe, Nutzer\/-innen-Interessen, Gesundheit im Parit\u00e4tischen NRW<\/li>\n<li>Kerstin Lohmann, Koordinatorin Gesundheitsselbsthilfe NRW und der Bundesverb\u00e4nde NRW<\/li>\n<li>H\u00fclya Yilmaz-Khoutour, Sachbearbeitung<\/li>\n<\/ul>\n<p><strong>Kontakt:<\/strong><br \/>\nParit\u00e4tischer NRW\/ Koordinationsb\u00fcro Gesundheitsselbsthilfe NRW<br \/>\nKerstin Lohmann<br \/>\nH\u00fclya Yilmaz-Khoutour<br \/>\nAnnenstr. 137<br \/>\n58453 Witten<br \/>\nTel. (02302) 956 07-15<br \/>\nFax (02302) 956 07-7<br \/>\nE-Mail: <u><a href=\"mailto:lohmann(at)paritaet-nrw.org\">lohmann(at)paritaet-nrw.org<\/a><\/u> oder yilmaz-khoutour(at)paritaet-nrw.org<\/p>\n<p>&nbsp;<\/p>\n","protected":false},"excerpt":{"rendered":"<p>Gesundheitsselbsthilfe NRW Die Gesundheitsselbsthilfe NRW (Wittener Kreis) ist ein Zusammenschluss von ca. 70 Selbsthilfe-Landesverb\u00e4nden in Nordrhein-Westfalen und steht f\u00fcr aktive Zusammenarbeit und Vernetzung, Austausch und Information. Im Jahr 1992 als &#8222;Facharbeitskreis der Gesundheitsselbsthilfe und -f\u00f6rderung im Parit\u00e4tischen NRW&#8220; gegr\u00fcndet hat sich das Netzwerk zu einer solidarischen Interessenvertretung gegen\u00fcber \u00d6ffentlichkeit, Politik, den Gesetzlichen Krankenkassen sowie weiteren [&hellip;]<\/p>\n","protected":false},"author":4,"featured_media":0,"parent":991,"menu_order":5,"comment_status":"closed","ping_status":"closed","template":"","meta":{"footnotes":""},"class_list":["post-1437","page","type-page","status-publish","hentry"],"_links":{"self":[{"href":"https:\/\/www.patientennetz.net\/index.php?rest_route=\/wp\/v2\/pages\/1437","targetHints":{"allow":["GET"]}}],"collection":[{"href":"https:\/\/www.patientennetz.net\/index.php?rest_route=\/wp\/v2\/pages"}],"about":[{"href":"https:\/\/www.patientennetz.net\/index.php?rest_route=\/wp\/v2\/types\/page"}],"author":[{"embeddable":true,"href":"https:\/\/www.patientennetz.net\/index.php?rest_route=\/wp\/v2\/users\/4"}],"replies":[{"embeddable":true,"href":"https:\/\/www.patientennetz.net\/index.php?rest_route=%2Fwp%2Fv2%2Fcomments&post=1437"}],"version-history":[{"count":8,"href":"https:\/\/www.patientennetz.net\/index.php?rest_route=\/wp\/v2\/pages\/1437\/revisions"}],"predecessor-version":[{"id":2074,"href":"https:\/\/www.patientennetz.net\/index.php?rest_route=\/wp\/v2\/pages\/1437\/revisions\/2074"}],"up":[{"embeddable":true,"href":"https:\/\/www.patientennetz.net\/index.php?rest_route=\/wp\/v2\/pages\/991"}],"wp:attachment":[{"href":"https:\/\/www.patientennetz.net\/index.php?rest_route=%2Fwp%2Fv2%2Fmedia&parent=1437"}],"curies":[{"name":"wp","href":"https:\/\/api.w.org\/{rel}","templated":true}]}}