{"id":1976,"date":"2021-01-13T11:29:52","date_gmt":"2021-01-13T10:29:52","guid":{"rendered":"http:\/\/www.patientennetz.net\/?page_id=1976"},"modified":"2025-02-24T22:31:34","modified_gmt":"2025-02-24T21:31:34","slug":"impfungen-uebersicht-zu-informationsangeboten-zur-covid-19-impfung","status":"publish","type":"page","link":"https:\/\/www.patientennetz.net\/?page_id=1976","title":{"rendered":"Impfungen &#8211; Covid-19"},"content":{"rendered":"<p><b><u>RKI- \u00dcbersicht \u00fcber den aktuellen Impfstand je Bundesland inkl. Zahlen zur Impfung von Pflegeheimbewohnern<\/u><\/b><\/p>\n<p><a href=\"https:\/\/www.rki.de\/DE\/Content\/InfAZ\/N\/Neuartiges_Coronavirus\/Daten\/Impfquoten-Tab.html\" target=\"_blank\" rel=\"noopener\" data-saferedirecturl=\"https:\/\/www.google.com\/url?q=http:\/\/www.der-paritaetische.de\/index.php?id%3D450%26rid%3Dt_153%26mid%3D1537%26aC%3D131d734a%26jumpurl%3D0&amp;source=gmail&amp;ust=1610615966648000&amp;usg=AFQjCNHZRUGicEyO0o6esWNtbPyrcZJd2A\">https:\/\/<wbr \/>www.rki.de\/DE\/Content\/InfAZ\/N\/<wbr \/>Neuartiges_Coronavirus\/Daten\/<wbr \/>Impfquoten-Tab.html<\/a><b><u> <\/u><\/b><\/p>\n<p><b><u>Fragen-Antworten-Katalog des RKI zum Thema COVID-19 Impfungen <\/u><\/b><br \/>\nDie Seite stellt u. a. Antworten zu den folgenden Themen bereit und wird kontinuierlich erweitert und aktualisiert:<br \/>\n&#8211; Empfehlung der St\u00e4ndigen Impfkommission zur COVID-19 Impfung<br \/>\n&#8211; Durchf\u00fchrung der Impfungen<br \/>\n&#8211; Zugang und Verteilung des Impfstoffes<br \/>\n&#8211; Wirksamkeit und Sicherheit<br \/>\n&#8211; Impfstofftypen<\/p>\n<p><a href=\"https:\/\/www.rki.de\/SharedDocs\/FAQ\/COVID-Impfen\/gesamt.html\" target=\"_blank\" rel=\"noopener\" data-saferedirecturl=\"https:\/\/www.google.com\/url?q=http:\/\/www.der-paritaetische.de\/index.php?id%3D450%26rid%3Dt_153%26mid%3D1537%26aC%3D131d734a%26jumpurl%3D1&amp;source=gmail&amp;ust=1610615966648000&amp;usg=AFQjCNEh24sAgG6UGaCnt5xKPdJdziHaYQ\">https:\/\/www.rki.<wbr \/>de\/SharedDocs\/FAQ\/COVID-<wbr \/>Impfen\/gesamt.html<\/a><\/p>\n<p><b><u>Informationen des RKI zum Corona-Virus in Leichter Sprache <\/u><\/b><\/p>\n<p>Ratgeber Corona-Virus in Leichter Sprache:<\/p>\n<p><a href=\"https:\/\/www.rki.de\/DE\/Service\/Leichte-Sprache\/LS_Corona-Ratgeber_tab-gesamt.html\" target=\"_blank\" rel=\"noopener\" data-saferedirecturl=\"https:\/\/www.google.com\/url?q=http:\/\/www.der-paritaetische.de\/index.php?id%3D450%26rid%3Dt_153%26mid%3D1537%26aC%3D131d734a%26jumpurl%3D2&amp;source=gmail&amp;ust=1610615966648000&amp;usg=AFQjCNHlRSXccKwYbVXFuof4MrPdtUOikg\">https:\/\/www.rki.de\/DE\/Service\/<wbr \/>Leichte-Sprache\/LS_Corona-<wbr \/>Ratgeber_tab-gesamt.html<\/a><\/p>\n<p><b><u>Informationen der Bundeszentrale f\u00fcr gesundheitliche Aufkl\u00e4rung &amp; Impfaufkl\u00e4rungsblatt <\/u><\/b><br \/>\nAuf der Seite <a href=\"https:\/\/www.infektionsschutz.de\/\" target=\"_blank\" rel=\"noopener\" data-saferedirecturl=\"https:\/\/www.google.com\/url?q=http:\/\/www.der-paritaetische.de\/index.php?id%3D450%26rid%3Dt_153%26mid%3D1537%26aC%3D131d734a%26jumpurl%3D3&amp;source=gmail&amp;ust=1610615966648000&amp;usg=AFQjCNEUvADcOJrbqgbWTc_dm9ZGCbuYKA\">https:\/\/www.infektionsschutz.<wbr \/>de\/<\/a> werden ausf\u00fchrliche Informationen zum Coronavirus und zu Schutzma\u00dfnahmen, zur Testung auf das Virus und zu Quarant\u00e4nema\u00dfnahmen bereit gestellt. Dezidierte Informationen zum Thema Impfung sind auf der folgenden Seite zu finden: <a href=\"https:\/\/www.infektionsschutz.de\/coronavirus\/schutzimpfung.html\" target=\"_blank\" rel=\"noopener\" data-saferedirecturl=\"https:\/\/www.google.com\/url?q=http:\/\/www.der-paritaetische.de\/index.php?id%3D450%26rid%3Dt_153%26mid%3D1537%26aC%3D131d734a%26jumpurl%3D4&amp;source=gmail&amp;ust=1610615966648000&amp;usg=AFQjCNFdFI_KdS7xhv-HqsTJf3fwHbZr0w\">https:\/\/www.infektionsschutz.<wbr \/>de\/coronavirus\/schutzimpfung.<wbr \/>html<\/a><br \/>\nHier ist auch das <a href=\"http:\/\/www.patientennetz.net\/wp-content\/uploads\/Aufklaerungsmerkblatt_Schutzimpfung_v2.pdf\">Aufkl\u00e4rungsmerkblatt<\/a> des RKI zum mRNA Impfstoff zu finden (Stand: 22.12.2020). Dieses kann in 19 unterschiedlichen Sprachen herunter geladen werden.<\/p>\n<p><b><u>Informationen des Paul-Ehrlich Institutes (Bundesinstitut f\u00fcr Impfstoffe und biomedizinische Arzneimittel) <\/u><\/b><\/p>\n<p><a href=\"https:\/\/www.pei.de\/DE\/newsroom\/dossier\/coronavirus\/coronavirus-inhalt.html\" target=\"_blank\" rel=\"noopener\" data-saferedirecturl=\"https:\/\/www.google.com\/url?q=http:\/\/www.der-paritaetische.de\/index.php?id%3D450%26rid%3Dt_153%26mid%3D1537%26aC%3D131d734a%26jumpurl%3D5&amp;source=gmail&amp;ust=1610615966648000&amp;usg=AFQjCNGVQ_XNjqeAy-WfjsUrYbUAXdpqZw\">https:\/\/www.pei.de\/DE\/<wbr \/>newsroom\/dossier\/coronavirus\/<wbr \/>coronavirus-inhalt.html<\/a><\/p>\n<p><b><u>Informationen des Bundesgesundheitsministeriums und des B\u00fcndnisses #GemeinsamGegenCorona <\/u><\/b><\/p>\n<p><a href=\"https:\/\/www.zusammengegencorona.de\/impfen\/\" target=\"_blank\" rel=\"noopener\" data-saferedirecturl=\"https:\/\/www.google.com\/url?q=http:\/\/www.der-paritaetische.de\/index.php?id%3D450%26rid%3Dt_153%26mid%3D1537%26aC%3D131d734a%26jumpurl%3D6&amp;source=gmail&amp;ust=1610615966648000&amp;usg=AFQjCNFAHWakwrBc_BgC21AYhOlefcExqA\">https:\/\/www.<wbr \/>zusammengegencorona.de\/impfen\/<\/a><\/p>\n<p><b><u>Handlungshilfen und Service-Pakete zum Impfstoff von Biontech und Pfizer<\/u><\/b><\/p>\n<p><a href=\"https:\/\/impfzentrum.biontech.de\/downloads\/#poster\" target=\"_blank\" rel=\"noopener\" data-saferedirecturl=\"https:\/\/www.google.com\/url?q=http:\/\/www.der-paritaetische.de\/index.php?id%3D450%26rid%3Dt_153%26mid%3D1537%26aC%3D131d734a%26jumpurl%3D7&amp;source=gmail&amp;ust=1610615966649000&amp;usg=AFQjCNGU7CtrfXMPlhUAtAI2IxrJfNwqiw\">https:\/\/impfzentrum.<wbr \/>biontech.de\/downloads\/#poster<\/a><b><u> <\/u><\/b><\/p>\n<p>Hier gibt es auch die M\u00f6glichkeit Informationen \u00fcber den Impfstoff in 12 unterschiedlichen Sprachen herunter zu laden: <a href=\"https:\/\/impfung.biontech.de\/\" target=\"_blank\" rel=\"noopener\" data-saferedirecturl=\"https:\/\/www.google.com\/url?q=http:\/\/www.der-paritaetische.de\/index.php?id%3D450%26rid%3Dt_153%26mid%3D1537%26aC%3D131d734a%26jumpurl%3D8&amp;source=gmail&amp;ust=1610615966649000&amp;usg=AFQjCNGXm0KrbOpQwlfJXBSKFhVrwsnaFA\">https:\/\/impfung.biontech.de\/<\/a><\/p>\n<p>Dieser Information liegt auch ein umfangreiches <a href=\"http:\/\/www.patientennetz.net\/wp-content\/uploads\/Biontech_Pflegeheim_Bewohner_Angeh\u00f6rige_Information-1.pdf\">Aufkl\u00e4rungspapier<\/a> f\u00fcr Pflegeheimbewohner\/*innen und ihre Angeh\u00f6rigen, sowie eine <a href=\"http:\/\/www.patientennetz.net\/wp-content\/uploads\/BioNTech_Information-nach-der-ersten-Impfung.pdf\">Information<\/a> f\u00fcr Personen, die ihre erste Impfung erhalten haben bei.<\/p>\n<p><b><u>Packungsbeilage des Moderna Impfstoffes <\/u><\/b><\/p>\n<p>Das Unternehmen Moderna stellt auf seiner Homepage in Deutscher Sprache die <a href=\"http:\/\/www.patientennetz.net\/wp-content\/uploads\/Packungsbeilage_Moderna_FPI-0016-EU-COVID-19-Vaccine-Package-Leaflet-German.pdf\">Packungsbeilage<\/a> zum Impfstoff bereit, welche Informationen zu Contraindikationen und m\u00f6glichen Nebenwirkungen enth\u00e4lt .<br \/>\n<b><u><br \/>\nAufkl\u00e4rungsvideos des Universit\u00e4tsklinikum des Saarlandes <\/u><\/b><\/p>\n<p>Wichtige Fragen, wie:<\/p>\n<p>&#8211; Wie l\u00e4uft ein Impfstoffzulassungsverfahren ab? Warum ging es so schnell?<\/p>\n<p>&#8211; Wie funktionieren die neuartigen genbasierten Impfstoffe?<\/p>\n<p>&#8211; Gibt es besondere Empfehlungen f\u00fcr Kinder und Schwangere?<\/p>\n<p>&#8211; Kann ich nach der Impfung noch meine Mitmenschen anstecken?<\/p>\n<p>werden im Rahmen von Videos von Wissenschaftlern des Universit\u00e4tsklinikums des Saarlandes beantwortet.<\/p>\n<p>Die Videos stehen auf der folgenden Seite bereit:<\/p>\n<p><a href=\"https:\/\/www.youtube.com\/playlist?list=PLcVO_xu84P_kiaPSYEbvZ_QOmEmPQtDbc\" target=\"_blank\" rel=\"noopener\" data-saferedirecturl=\"https:\/\/www.google.com\/url?q=http:\/\/www.der-paritaetische.de\/index.php?id%3D450%26rid%3Dt_153%26mid%3D1537%26aC%3D131d734a%26jumpurl%3D9&amp;source=gmail&amp;ust=1610615966649000&amp;usg=AFQjCNFGW3UYPkC706Xw65mfG03R9yjiEA\">https:\/\/www.youtube.com\/<wbr \/>playlist?list=PLcVO_xu84P_<wbr \/>kiaPSYEbvZ_QOmEmPQtDbc<\/a><\/p>\n<p><b><u>Virtuelle Informationsveranstaltungen der Pflegekammer Rheinland-Pfalz im Januar 2021 <\/u><\/b><\/p>\n<p>Im Rahmen von virtuellen Informationsveranstaltungen steht ein Experten-Team bereit, welches den aktuellen Sachstand der jeweiligen Fachrichtung vermittelt. Im Anschluss k\u00f6nnen Fragen zur Aufkl\u00e4rung, zum Impfstoff, zur Organisation &amp; Co. gestellt werden.<\/p>\n<p>Die Termine und weiteren Informationen zu den Veranstaltungen sind hier zu finden: <a href=\"http:\/\/corona.pflegekammer-rlp.de\/startseite.html\" target=\"_blank\" rel=\"noopener\" data-saferedirecturl=\"https:\/\/www.google.com\/url?q=http:\/\/www.der-paritaetische.de\/index.php?id%3D450%26rid%3Dt_153%26mid%3D1537%26aC%3D131d734a%26jumpurl%3D10&amp;source=gmail&amp;ust=1610615966649000&amp;usg=AFQjCNFVlXQdZkk3jGaAk7a7bScUKBGe7A\">http:\/\/corona.pflegekammer-<wbr \/>rlp.de\/startseite.html<\/a><\/p>\n<p><b><u>Impfempfehlung f\u00fcr Pflegekr\u00e4fte durch Pflege Expert*innen (Stand 11.01.2021) <\/u><\/b><\/p>\n<p>Am 11.01.2021 haben die Deutsche Gesellschaft f\u00fcr Pflegewissenschaften e. V., das Deutsche Netzwerk f\u00fcr Qualit\u00e4tsentwicklung in der Pflege (DNQP) und die Dekanekonferenz Pflegewissenschaft eine Impfempfehlung f\u00fcr Pflegende ausgesprochen. Das <a href=\"http:\/\/www.patientennetz.net\/wp-content\/uploads\/Pflegewissenschaft-zu-Impfen-v-Pflegenden.pdf\">Dokument<\/a> gibt einen \u00dcberblick \u00fcber die aktuellen wissenschaftlichen Erkenntnisse. Hier\u00fcber hat auch der Bevollm\u00e4chtigte der Bundesregierung f\u00fcr Pflege informiert.<\/p>\n","protected":false},"excerpt":{"rendered":"<p>RKI- \u00dcbersicht \u00fcber den aktuellen Impfstand je Bundesland inkl. Zahlen zur Impfung von Pflegeheimbewohnern https:\/\/www.rki.de\/DE\/Content\/InfAZ\/N\/Neuartiges_Coronavirus\/Daten\/Impfquoten-Tab.html Fragen-Antworten-Katalog des RKI zum Thema COVID-19 Impfungen Die Seite stellt u. a. Antworten zu den folgenden Themen bereit und wird kontinuierlich erweitert und aktualisiert: &#8211; Empfehlung der St\u00e4ndigen Impfkommission zur COVID-19 Impfung &#8211; Durchf\u00fchrung der Impfungen &#8211; Zugang und Verteilung [&hellip;]<\/p>\n","protected":false},"author":4,"featured_media":0,"parent":991,"menu_order":9,"comment_status":"closed","ping_status":"closed","template":"","meta":{"footnotes":""},"class_list":["post-1976","page","type-page","status-publish","hentry"],"_links":{"self":[{"href":"https:\/\/www.patientennetz.net\/index.php?rest_route=\/wp\/v2\/pages\/1976","targetHints":{"allow":["GET"]}}],"collection":[{"href":"https:\/\/www.patientennetz.net\/index.php?rest_route=\/wp\/v2\/pages"}],"about":[{"href":"https:\/\/www.patientennetz.net\/index.php?rest_route=\/wp\/v2\/types\/page"}],"author":[{"embeddable":true,"href":"https:\/\/www.patientennetz.net\/index.php?rest_route=\/wp\/v2\/users\/4"}],"replies":[{"embeddable":true,"href":"https:\/\/www.patientennetz.net\/index.php?rest_route=%2Fwp%2Fv2%2Fcomments&post=1976"}],"version-history":[{"count":4,"href":"https:\/\/www.patientennetz.net\/index.php?rest_route=\/wp\/v2\/pages\/1976\/revisions"}],"predecessor-version":[{"id":2315,"href":"https:\/\/www.patientennetz.net\/index.php?rest_route=\/wp\/v2\/pages\/1976\/revisions\/2315"}],"up":[{"embeddable":true,"href":"https:\/\/www.patientennetz.net\/index.php?rest_route=\/wp\/v2\/pages\/991"}],"wp:attachment":[{"href":"https:\/\/www.patientennetz.net\/index.php?rest_route=%2Fwp%2Fv2%2Fmedia&parent=1976"}],"curies":[{"name":"wp","href":"https:\/\/api.w.org\/{rel}","templated":true}]}}