{"id":231,"date":"2009-06-09T15:18:57","date_gmt":"2009-06-09T13:18:57","guid":{"rendered":"http:\/\/www.patientennetz.net\/patientennetz_0509\/wordpress\/?page_id=231"},"modified":"2025-02-24T22:33:33","modified_gmt":"2025-02-24T21:33:33","slug":"patientenberatung","status":"publish","type":"page","link":"https:\/\/www.patientennetz.net\/?page_id=231","title":{"rendered":"Patientenberatung"},"content":{"rendered":"<h3><strong>Bisherige UPD ist von privatem Unternehmen \u00fcbernommen worden<br \/>\n<\/strong><\/h3>\n<p>Bis Ende 2015 gab es die \u201eUnabh\u00e4ngige Patientenberatung Deutschland &#8211; UPD gGmbH&#8220;\u00a0 mit einem bundesweiten und regionalen Beratungsangebot in 21 Orten, u.a. in Bielefeld, Dortmund und K\u00f6ln.<\/p>\n<p>Als Gesellschafter der Unabh\u00e4ngigen Patientenberatung Deutschland hatten sich drei gemeinn\u00fctzige Partner zusammengeschlossen: der <a href=\"http:\/\/www.vdk.de\/\" target=\"_blank\" rel=\"noopener noreferrer\">Sozialverband VdK Deutschland e.V.,<\/a> der <a href=\"http:\/\/www.vzbv.de\/\" target=\"_blank\" rel=\"noopener noreferrer\">Verbraucherzentrale Bundesverband e.V.<\/a>\u00a0 sowie <a href=\"http:\/\/www.v-up.de\/\" target=\"_blank\" rel=\"noopener noreferrer\">Verbund unabh\u00e4ngige Patientenberatung e.V. <\/a><\/p>\n<p align=\"left\">Bei der letzten Vergabe der F\u00f6rdermittel gem\u00e4\u00df \u00a7 65 b Sozialgesetzbuch V haben diese Gesellschafter trotz der guten Arbeit der Beraterinnen und Berater sowie der eingebundenen Tr\u00e4ger vor Ort und trotz der hohen Zufriedenheit der Ratsuchenden und der wissenschaftlichen Begleitforschung keinen Zuschlag bekommen. Stattdessen haben der GKV-Spitzenverband und der Patientenbeauftragte der Bundesregierung Laumann den privatwirtschaftlichen Call-Center-Dienstleister Sanvartis GmbH beauftragt, die UPD fortzuf\u00fchren. Gegen diese Entscheidung und gegen das Vergabeverfahren gab es einen breiten \u00f6ffentlichen Widerstand. Letztlich haben gewinnwirtschaftliche \u00fcber zivilgesellschaftliche Interessen gesiegt.<\/p>\n<p align=\"left\">In der Zwischenzeit gab es immer wieder Kritik an der UPD, zuletzt auch in einer Anh\u00f6rung im Bundestags-Gesundheitsausschuss und in einem Bericht des Bundesrechnungshofes. Die Zukunft der UPD ist offen und es braucht eine vertrauensvolle und verl\u00e4ssliche Perspektive.<\/p>\n<p align=\"left\">Weitere ausf\u00fchrliche Informationen finden Sie auch unter <a href=\"http:\/\/www.v-up.de\">www.v-up.de<\/a><\/p>\n<h3><strong>Beratungsangebote f\u00fcr Patientinnen und Patienten in NRW<\/strong><\/h3>\n<ul>\n<li><a href=\"#Allgemein\">Allgemeine Beratungsangebote in NRW<\/a> (indikationsunabh\u00e4ngig)<\/li>\n<li><a href=\"#Weitere\">Weitere Indikations\u00fcbergreifende Beratungsangebote<\/a><\/li>\n<li><a href=\"#Speziell\">Spezielle Beratungsangebote<\/a> (z.B. Krebs, Schwangerschaft, Selbsthilfe)<\/li>\n<\/ul>\n<p><a name=\"Allgemein\"><\/a><strong>Allgemeine Beratungsangebote<\/strong><\/p>\n<p><span style=\"color: #0000ff;\">Diese Beratungsstellen sind derzeit nur eingeschr\u00e4nkt erreichbar<\/span><strong><br \/>\n<\/strong><\/p>\n<p><strong>Patientenstelle Bielefeld<br \/>\nim Gesundheitsladen Bielefeld e.V.<\/strong><br \/>\nBreite Str. 8<br \/>\n33602 Bielefeld<br \/>\nTel.: 0521 \/ 133 561<br \/>\nFax: 0521 \/ 176 106<br \/>\neMail: <a href=\"mailto:bielefeld@patientenstellen.de\">bielefeld@patientenstellen.de<\/a><br \/>\nInternet: <a href=\"http:\/\/www.gesundheitsladen-bielefeld.de\/\">www.gesundheitsladen-bielefeld.de<br \/>\n<\/a>Montag 13-15 Uhr, Donnerstag 10-12 Uhr u.n.V.<\/p>\n<p><strong>Patientenstelle K\u00f6ln<span style=\"font-family: Calibri;\"><br \/>\n<\/span>im gesundheitsladen k\u00f6ln e.V.<br \/>\n<\/strong>Steinkopfstr.2<br \/>\n51065 K\u00f6ln<br \/>\nTel.: 0221 \/ 27 62 960<br \/>\nFax: 0221 \/ 27 62 961<br \/>\neMail: <a href=\"mailto:koeln@patientenstellen.de\">koeln@patientenstellen.de<\/a><br \/>\nInternet: <a href=\"http:\/\/www.gesundheitsladen-koeln.de\/\">www.gesundheitsladen-koeln.de<br \/>\n<\/a>Montag 11-14 Uhr, Mittwoch 15-18 Uhr u.n.V.<\/p>\n<p><a name=\"Weitere\"><\/a><strong>Weitere Indikations\u00fcbergreifende Beratungsangebote<\/strong><\/p>\n<p><strong>Patientenbeauftragte<\/strong><strong> NRW Claudia Middendorf<br \/>\n<\/strong>F\u00fcrstenwall 25<br \/>\n40219 D\u00fcsseldorf<br \/>\nTelefon 0211 855-3008<br \/>\nTelefax 0211 855-3037<br \/>\n<a href=\"mailto:kontakt@lbbp.nrw.de\">kontakt@lbbp.nrw.de<\/a><br \/>\n<a href=\"http:\/\/www.lbbp.nrw.de\">www.lbbp.nrw.de<\/a><br \/>\nMontag bis Donnerstag 8.00 bis 15.30 Uhr, Freitag 8.00 bis 14.00 Uhr<\/p>\n<p><strong>Deutscher Patienten Schutzbund<\/strong> <strong>Landesverband NRW e. V.<\/strong><br \/>\nHubertusstr. 1a<br \/>\n41541 Dormagen<br \/>\nTel.: 02133 \/ 46753<br \/>\nFax: 02133 \/ 244955<br \/>\neMail: <a href=\"mailto:info@dpsb.de\">info@dpsb.de<\/a><br \/>\nInternet: <a href=\"http:\/\/www.dpsb.de\/\">www.dpsb.de<\/a><br \/>\nMontag und Mittwoch von 10.00 bis 15.00 Uhr<\/p>\n<p><strong>Feministisches FrauenGesundheitsZentrum (FFGZ) Hagazussa e.V.<\/strong><br \/>\nRoonstr. 92<br \/>\n50674 K\u00f6ln<br \/>\nTel.: 0221 \/ 23 40 47<br \/>\neMail: <a href=\"mailto:info@frauengesundheitszentrum-koeln.de\">info@frauengesundheitszentrum-koeln.de<\/a><br \/>\nInternet: <a href=\"http:\/\/www.frauengesundheitszentrum-koeln.de\/\">www.frauengesundheitszentrum-koeln.de<\/a><br \/>\nDienstag 10-12 Uhr<\/p>\n<p><a name=\"Speziell\"><\/a><strong>Spezielle Beratungsangbote<\/strong><\/p>\n<p><a href=\"https:\/\/www.krebsinformationsdienst.de\/service\/adressen\/krebsberatungsstellen.php\" target=\"_blank\" rel=\"noopener noreferrer\"><strong>Krebsberatungsstellen in NRW<\/strong><\/a><br \/>\nHier finden Sie eine Krebsberatungsstelle in Ihrer N\u00e4he.<\/p>\n<p><a href=\"http:\/\/www.profamilia.de\/angebote-vor-ort\/nordrhein-westfalen.html\"><strong>ProFamilia in NRW<\/strong><\/a><br \/>\nHier finden Sie eine Beratungsstelle der ProFamilia zu den Themen Sexualit\u00e4t, Familienplanung, Schwangerschaft in Ihrer N\u00e4he und weitere Informationen.<\/p>\n<p><a href=\"http:\/\/www.selbsthilfenetz.de\/\"><strong>Das Selbsthilfenetz<\/strong><\/a><br \/>\nSelbsthilfe in Nordrhein-Westfalen. Kontaktstellen, Selbsthilfeverb\u00e4nde und Selbshilfegruppen in Ihrer N\u00e4he.<\/p>\n<p><a href=\"http:\/\/www.koskon.de\/\"><strong>Selbsthilfekontaktstellen in NRW<\/strong><\/a><br \/>\nEin Verzeichnis aller Selbsthilfekontaktstellen in NRW stellt die KOSKON zur Verf\u00fcgung.<\/p>\n","protected":false},"excerpt":{"rendered":"<p>Bisherige UPD ist von privatem Unternehmen \u00fcbernommen worden Bis Ende 2015 gab es die \u201eUnabh\u00e4ngige Patientenberatung Deutschland &#8211; UPD gGmbH&#8220;\u00a0 mit einem bundesweiten und regionalen Beratungsangebot in 21 Orten, u.a. in Bielefeld, Dortmund und K\u00f6ln. Als Gesellschafter der Unabh\u00e4ngigen Patientenberatung Deutschland hatten sich drei gemeinn\u00fctzige Partner zusammengeschlossen: der Sozialverband VdK Deutschland e.V., der Verbraucherzentrale Bundesverband [&hellip;]<\/p>\n","protected":false},"author":3,"featured_media":0,"parent":991,"menu_order":14,"comment_status":"open","ping_status":"open","template":"","meta":{"footnotes":""},"class_list":["post-231","page","type-page","status-publish","hentry"],"_links":{"self":[{"href":"https:\/\/www.patientennetz.net\/index.php?rest_route=\/wp\/v2\/pages\/231","targetHints":{"allow":["GET"]}}],"collection":[{"href":"https:\/\/www.patientennetz.net\/index.php?rest_route=\/wp\/v2\/pages"}],"about":[{"href":"https:\/\/www.patientennetz.net\/index.php?rest_route=\/wp\/v2\/types\/page"}],"author":[{"embeddable":true,"href":"https:\/\/www.patientennetz.net\/index.php?rest_route=\/wp\/v2\/users\/3"}],"replies":[{"embeddable":true,"href":"https:\/\/www.patientennetz.net\/index.php?rest_route=%2Fwp%2Fv2%2Fcomments&post=231"}],"version-history":[{"count":18,"href":"https:\/\/www.patientennetz.net\/index.php?rest_route=\/wp\/v2\/pages\/231\/revisions"}],"predecessor-version":[{"id":1964,"href":"https:\/\/www.patientennetz.net\/index.php?rest_route=\/wp\/v2\/pages\/231\/revisions\/1964"}],"up":[{"embeddable":true,"href":"https:\/\/www.patientennetz.net\/index.php?rest_route=\/wp\/v2\/pages\/991"}],"wp:attachment":[{"href":"https:\/\/www.patientennetz.net\/index.php?rest_route=%2Fwp%2Fv2%2Fmedia&parent=231"}],"curies":[{"name":"wp","href":"https:\/\/api.w.org\/{rel}","templated":true}]}}