{"id":2353,"date":"2025-05-19T12:22:35","date_gmt":"2025-05-19T10:22:35","guid":{"rendered":"http:\/\/www.patientennetz.net\/?page_id=2353"},"modified":"2025-07-14T17:24:39","modified_gmt":"2025-07-14T15:24:39","slug":"25-jahre-patientinnen-netzwerk-nrw-jubilaeum-in-dortmund-gefeiert","status":"publish","type":"page","link":"https:\/\/www.patientennetz.net\/?page_id=2353","title":{"rendered":"25 Jahre PatientInnen-Netzwerk NRW"},"content":{"rendered":"<p><a href=\"http:\/\/www.patientennetz.net\/wp-content\/uploads\/alle.jpg\"><img loading=\"lazy\" decoding=\"async\" class=\"wp-image-2322 alignleft\" src=\"http:\/\/www.patientennetz.net\/wp-content\/uploads\/alle.jpg\" alt=\"Der Arbeitsausschuss PatientInnen-Netzwerk tagte anl\u00e4sslich seines 25-j\u00e4hrigen Bestehens\" width=\"343\" height=\"258\" srcset=\"https:\/\/www.patientennetz.net\/wp-content\/uploads\/alle.jpg 4080w, https:\/\/www.patientennetz.net\/wp-content\/uploads\/alle-300x225.jpg 300w, https:\/\/www.patientennetz.net\/wp-content\/uploads\/alle-1024x768.jpg 1024w\" sizes=\"auto, (max-width: 343px) 100vw, 343px\" \/><\/a><\/p>\n<p><span style=\"font-size: 12pt;\"><span style=\"font-size: 14pt;\"><strong><br \/>\nWie alles anfing und wo es noch hingeht<\/strong><\/span><\/span><\/p>\n<p><span style=\"font-size: 12pt;\">Anl\u00e4sslich des 25-j\u00e4hrigen Bestehens des PatientInnen-Netzwerkes traf sich der Arbeitsausschuss am 04. April 2025 zu einer\u00a0<\/span><span style=\"font-size: 12pt;\">Jubil\u00e4umsfeier in Dortmund.\u00a0<\/span><span style=\"font-size: 12pt;\">Die Veranstaltung wurde durch die Gl\u00fcckspirale gef\u00f6rdert<\/span><span style=\"font-size: 12pt;\">.\u00a0<img loading=\"lazy\" decoding=\"async\" class=\"alignright\" src=\"https:\/\/www.selbsthilfenetz.de\/fileadmin\/_processed_\/5\/3\/csm_Logo_Gluecksspirale_Einfach_6fdd0fb06f.jpg\" width=\"164\" height=\"123\" \/><\/span><\/p>\n<p><span style=\"font-size: 12pt;\">Co-Sprecher G\u00fcnter H\u00f6lling erm\u00f6glichte mit seiner Pr\u00e4sentation eine R\u00fcckschau auf die Netzwerkgr\u00fcndung und die wesentlichen Meilensteine:<\/span><\/p>\n<p><strong>Pr\u00e4sentation<\/strong>:\u00a0<i><a href=\"http:\/\/www.patientennetz.net\/wp-content\/uploads\/25-Jahre-PNW.pdf\">25-Jahre-PNW<\/a><\/i><\/p>\n<p>&nbsp;<\/p>\n<hr \/>\n<p><span style=\"font-size: 18.6667px;\"><b>Testimonials<\/b><\/span><\/p>\n<p><span style=\"font-size: 12pt;\">Zum Jubil\u00e4um haben verschiedene Kooperationspartner*innen dem Netzwerk pers\u00f6nliche Testimonials \u00fcbermittelt:<\/span><\/p>\n<p><strong><a href=\"http:\/\/www.patientennetz.net\/wp-content\/uploads\/13_VDEK_2023_Rauch_3x4_HF6A9207.jpg\"><img loading=\"lazy\" decoding=\"async\" class=\"alignleft size-medium wp-image-2368\" src=\"http:\/\/www.patientennetz.net\/wp-content\/uploads\/13_VDEK_2023_Rauch_3x4_HF6A9207-300x225.jpg\" alt=\"\" width=\"300\" height=\"225\" srcset=\"https:\/\/www.patientennetz.net\/wp-content\/uploads\/13_VDEK_2023_Rauch_3x4_HF6A9207-300x225.jpg 300w, https:\/\/www.patientennetz.net\/wp-content\/uploads\/13_VDEK_2023_Rauch_3x4_HF6A9207-1024x768.jpg 1024w\" sizes=\"auto, (max-width: 300px) 100vw, 300px\" \/><\/a><\/strong><\/p>\n<p>&nbsp;<\/p>\n<p><strong>Dirk Ruiss, vdek \u2013 NRW<\/strong><\/p>\n<p><i>&#8222;Ich w\u00fcnsche mir f\u00fcr die Zukunft, dass das PatientInnen-Netzwerk nicht <\/i><i>nachl\u00e4sst die <\/i><i>Stimme <\/i><i>der Patientinnen und Patienten laut und deutlich wahrnehmbar zu vertreten. Dabei darf die Zusammenarbeit gerne weiterhin kooperativ und l\u00f6sungsorientiert bleiben. Das PatientInnen-Netzwerk sollte aber auch streitbar bleiben und sich sowohl im 90a-Gremium als\u00a0<\/i><i>auch in der Landes<\/i><i>gesundheitskonferenz\u00a0<\/i><i>immer wieder zu Wort\u00a0<\/i><i>melden.&#8220;<br \/>\n<\/i><a href=\"http:\/\/www.patientennetz.net\/?page_id=2367\">Vollst\u00e4ndiges Testimonial<\/a><\/p>\n<p>&nbsp;<\/p>\n<p><strong>Prof. Dr. Doris Schaeffer, Professorin f\u00fcr Gesundheitswissenschaften an der\u00a0Universit\u00e4t Bielefeld<br \/>\n<\/strong><em>&#8222;Herzlichen Gl\u00fcckwunsch zum Jubil\u00e4um &#8211; 25 Jahre PatientInnen-Netzwerk NRW hei\u00dft auch 25 Jahre Unterst\u00fctzung der Patient:innen und Nutzer:innen. Dies geschieht u.a. durch die St\u00e4rkung der Gesundheitskompetenz der Patient:innen und Angeh\u00f6rigen sowie der Professionellen und der Strukturen im Gesundheitswesen durch vielf\u00e4ltige Patientenbeteiligung. Aus meinem Arbeitsfeld Gesundheitskompetenz wei\u00df ich dies sehr zu sch\u00e4tzen und hoffe auf weitere erfolgreiche Jahre des PatientInnen-Netzwerks.&#8220;<\/em><\/p>\n<p><strong>Klaus Bremen, Mitbegr\u00fcnder des PNW<br \/>\n<\/strong><em>&#8222;Ich w\u00fcnsche mir, dass die das Netzwerk tragenden Menschen Wege finden, mit ihren Ideen und ihrem Engagement noch wirksamer zu werden: Ein k\u00fcnftiger sozialer Staat braucht solche Ideen und kluge Wege, damit wir alle den langen Lauf durch ein Zeitalter der Klima- und Naturver\u00e4nderungen schaffen.&#8220; <a href=\"http:\/\/www.patientennetz.net\/?page_id=2372\">Vollst\u00e4ndiges Testimonial<\/a><\/em><\/p>\n<p><strong>Gerhard Herrmann, MAGS NRW<br \/>\n<\/strong><i>&#8222;Seit nun 25 Jahren setzt sich das PatientInnen-Netzwerk NRW (PNW) daf\u00fcr ein, dass sich Patientinnen und Patienten Handlungsspielr\u00e4ume aneignen k\u00f6nnen und dadurch mehr Entscheidungssicherheit erhalten. Ich freue mich sehr, dass wir seit 2016 das PNW in gemeinsamen Projekten mit dem Koordinierungsausschuss der Patientenorganisationen nach \u00a7140f SGB V (<\/i><i>KooA<\/i><i> NRW) als\u00a0<\/i><i>\u201e<\/i><i>Patientenbeteiligung\u00a0<\/i><i>NRW<\/i><i>\u201c <\/i><i>\u00a0f\u00f6rdern <\/i><i>k\u00f6nnen.&#8220; <a href=\"http:\/\/www.patientennetz.net\/?page_id=2375\">Vollst\u00e4ndiges Testimonial<\/a><\/i><\/p>\n<p><strong><a href=\"http:\/\/www.patientennetz.net\/wp-content\/uploads\/Pressefoto-neu-Marco-Schmitz.jpg\"><img loading=\"lazy\" decoding=\"async\" class=\"wp-image-2377 alignleft\" src=\"http:\/\/www.patientennetz.net\/wp-content\/uploads\/Pressefoto-neu-Marco-Schmitz-200x300.jpg\" alt=\"\" width=\"151\" height=\"227\" srcset=\"https:\/\/www.patientennetz.net\/wp-content\/uploads\/Pressefoto-neu-Marco-Schmitz-200x300.jpg 200w, https:\/\/www.patientennetz.net\/wp-content\/uploads\/Pressefoto-neu-Marco-Schmitz-683x1024.jpg 683w, https:\/\/www.patientennetz.net\/wp-content\/uploads\/Pressefoto-neu-Marco-Schmitz.jpg 1745w\" sizes=\"auto, (max-width: 151px) 100vw, 151px\" \/><\/a><\/strong><\/p>\n<p>&nbsp;<\/p>\n<p><strong>Marco Schmitz, MdL<br \/>\n<\/strong><em>&#8222;F\u00fcr die Zukunft w\u00fcnsche ich dem PatientInnen-Netzwerk NRW weiterhin eine starke Stimme und engagierte Mitstreiterinnen und Mitstreiter. Die Patientenperspektive muss auch in den kommenden Jahren eine zentrale Rolle in der Gesundheitspolitik spielen \u2013 daf\u00fcr leistet das Netzwerk einen unverzichtbaren Beitrag!&#8220; <a href=\"http:\/\/www.patientennetz.net\/?page_id=2379\">Vollst\u00e4ndiges Testimonial<\/a><\/em><\/p>\n<p><em>\u00a0<\/em><\/p>\n<p><strong><a href=\"http:\/\/www.patientennetz.net\/wp-content\/uploads\/SchneiderSusanneMdL.jpg\"><img loading=\"lazy\" decoding=\"async\" class=\"size-medium wp-image-2383 alignright\" src=\"http:\/\/www.patientennetz.net\/wp-content\/uploads\/SchneiderSusanneMdL-300x200.jpg\" alt=\"\" width=\"300\" height=\"200\" srcset=\"https:\/\/www.patientennetz.net\/wp-content\/uploads\/SchneiderSusanneMdL-300x200.jpg 300w, https:\/\/www.patientennetz.net\/wp-content\/uploads\/SchneiderSusanneMdL-1024x683.jpg 1024w\" sizes=\"auto, (max-width: 300px) 100vw, 300px\" \/><\/a><\/strong><\/p>\n<p>&nbsp;<\/p>\n<p style=\"text-align: right;\"><strong>Susanne Schneider MdL<br \/>\n<\/strong><em>&#8222;Patientinnen und Patienten sind auf fundierte Hilfe angewiesen.\u00a0 &#8230;\u00a0 Um so wichtiger ist, dass es Institutionen gibt, die f\u00fcr die Rechte von Patientinnen und Patienten einsetzen. Das PatientInnen-Netzwerk leisten in diesem Spannungsfeld wichtige Arbeit, indem es Patientinnen und Patienten unterst\u00fctzt sowie den Austausch zwischen allen Beteiligten im Gesundheitswesen f\u00f6rdert<\/em><em>.&#8220; <a href=\"http:\/\/www.patientennetz.net\/?page_id=2386\">Vollst\u00e4ndiges Testimonial<\/a><\/em><\/p>\n<p><strong><a href=\"http:\/\/www.patientennetz.net\/wp-content\/uploads\/Portrait-Ansgar-von-der-Osten-KVWL.jpg\"><img loading=\"lazy\" decoding=\"async\" class=\"alignleft size-medium wp-image-2384\" src=\"http:\/\/www.patientennetz.net\/wp-content\/uploads\/Portrait-Ansgar-von-der-Osten-KVWL-202x300.jpg\" alt=\"\" width=\"202\" height=\"300\" srcset=\"https:\/\/www.patientennetz.net\/wp-content\/uploads\/Portrait-Ansgar-von-der-Osten-KVWL-202x300.jpg 202w, https:\/\/www.patientennetz.net\/wp-content\/uploads\/Portrait-Ansgar-von-der-Osten-KVWL-689x1024.jpg 689w, https:\/\/www.patientennetz.net\/wp-content\/uploads\/Portrait-Ansgar-von-der-Osten-KVWL.jpg 1367w\" sizes=\"auto, (max-width: 202px) 100vw, 202px\" \/><\/a><\/strong><\/p>\n<p>&nbsp;<\/p>\n<p><strong>Ansgar von der Osten, KVWL<br \/>\n<\/strong><em>In den Gremien der gemeinsamen Selbstverwaltung sitzen die Vertreter der Patientinnen und Patienten seit vielen Jahren mit am Tisch und bringen ihre Interessen ein. Das erweitert die Verhandlungen zwischen Krankenkassen und Leistungserbringern um eine weitere Perspektive. Und gleichzeitig entsteht eine bessere Transparenz \u00fcber die Spielr\u00e4ume der Gesetzlichen Krankenversicherung. Die enorme Komplexit\u00e4t des Systems verlangt allen Beteiligten die Bereitschaft ab, die eigenen Interessen sowohl mit Nachdruck als auch mit Augenma\u00df und einem Sinn f\u00fcr das Machbare einzubringen. Und gemeinsam Ideen zu entwickeln, wie man die gro\u00dfen Herausforderungen der kommenden Jahre meistern kann. Ich erlebe die Vertreter der Patientinnen und Patienten im Landesausschuss der \u00c4rzte und Krankenkassen f\u00fcr Westfalen-Lippe genau so: Kritisch und konstruktiv zugleich. Und ich freue mich auf die weitere Zusammenarbeit.<\/em><\/p>\n<p>&nbsp;<\/p>\n<p>&nbsp;<\/p>\n","protected":false},"excerpt":{"rendered":"<p>Wie alles anfing und wo es noch hingeht Anl\u00e4sslich des 25-j\u00e4hrigen Bestehens des PatientInnen-Netzwerkes traf sich der Arbeitsausschuss am 04. April 2025 zu einer\u00a0Jubil\u00e4umsfeier in Dortmund.\u00a0Die Veranstaltung wurde durch die Gl\u00fcckspirale gef\u00f6rdert.\u00a0 Co-Sprecher G\u00fcnter H\u00f6lling erm\u00f6glichte mit seiner Pr\u00e4sentation eine R\u00fcckschau auf die Netzwerkgr\u00fcndung und die wesentlichen Meilensteine: Pr\u00e4sentation:\u00a025-Jahre-PNW &nbsp; Testimonials Zum Jubil\u00e4um haben verschiedene [&hellip;]<\/p>\n","protected":false},"author":8,"featured_media":0,"parent":0,"menu_order":0,"comment_status":"closed","ping_status":"closed","template":"","meta":{"footnotes":""},"class_list":["post-2353","page","type-page","status-publish","hentry"],"_links":{"self":[{"href":"https:\/\/www.patientennetz.net\/index.php?rest_route=\/wp\/v2\/pages\/2353","targetHints":{"allow":["GET"]}}],"collection":[{"href":"https:\/\/www.patientennetz.net\/index.php?rest_route=\/wp\/v2\/pages"}],"about":[{"href":"https:\/\/www.patientennetz.net\/index.php?rest_route=\/wp\/v2\/types\/page"}],"author":[{"embeddable":true,"href":"https:\/\/www.patientennetz.net\/index.php?rest_route=\/wp\/v2\/users\/8"}],"replies":[{"embeddable":true,"href":"https:\/\/www.patientennetz.net\/index.php?rest_route=%2Fwp%2Fv2%2Fcomments&post=2353"}],"version-history":[{"count":33,"href":"https:\/\/www.patientennetz.net\/index.php?rest_route=\/wp\/v2\/pages\/2353\/revisions"}],"predecessor-version":[{"id":2427,"href":"https:\/\/www.patientennetz.net\/index.php?rest_route=\/wp\/v2\/pages\/2353\/revisions\/2427"}],"wp:attachment":[{"href":"https:\/\/www.patientennetz.net\/index.php?rest_route=%2Fwp%2Fv2%2Fmedia&parent=2353"}],"curies":[{"name":"wp","href":"https:\/\/api.w.org\/{rel}","templated":true}]}}