{"id":2386,"date":"2025-05-19T13:36:43","date_gmt":"2025-05-19T11:36:43","guid":{"rendered":"http:\/\/www.patientennetz.net\/?page_id=2386"},"modified":"2025-05-19T13:36:43","modified_gmt":"2025-05-19T11:36:43","slug":"susanne-schneider-mdl","status":"publish","type":"page","link":"https:\/\/www.patientennetz.net\/?page_id=2386","title":{"rendered":"Susanne Schneider, MdL"},"content":{"rendered":"<p>Sprecherin f\u00fcr Arbeit, Gesundheit und Soziales (FDP)<br \/>\nSprecherin f\u00fcr Gleichstellung und Queerpolitik (FDP)<\/p>\n<p><strong>Warum halten Sie die Arbeit des PatientInnen-Netzwerks f\u00fcr wichtig?<\/strong><\/p>\n<p><em>Patientinnen und Patienten sind auf fundierte Hilfe angewiesen. Im Verh\u00e4ltnis zu denjenigen, die einen Heilberuf aus\u00fcben, wird sich ein Informationsungleichgewicht aber nie ganz vermeiden lassen. Um so wichtiger ist, dass es Institutionen gibt, die f\u00fcr die Rechte von Patientinnen und Patienten einsetzen. Das PatientInnen-Netzwerk leisten in diesem Spannungsfeld wichtige Arbeit, indem es Patientinnen und Patienten unterst\u00fctzt sowie den Austausch zwischen allen Beteiligten im Gesundheitswesen f\u00f6rdert<\/em><em>.<\/em><\/p>\n<p><strong>Gibt es ein besonderes Erlebnis oder eine Erfahrung mit dem PatientInnen-Netzwerk, die Ihnen in Erinnerung geblieben ist?<\/strong><\/p>\n<p><em>Ein besonderes Erlebnis habe ich nicht in Erinnerung. Allerdings erinnere mich an einige Gespr\u00e4che und Begegnungen, die stets konstruktiv und immer das Wohl der Patientinnen und Patienten im Blick hatten. F\u00fcr eine Parlamentarierin ist ein solcher Austausch immer fruchtbar, weil man neue Aspekte und Themen kennenlernt, die man in die parlamentarische Arbeit einbeziehen kann. Daf\u00fcr meinen herzlichen Dank!<\/em><\/p>\n<p><strong>Was w\u00fcnschen Sie sich f\u00fcr die zuk\u00fcnftige Arbeit des PatientInnen-Netzwerks?<\/strong><\/p>\n<p><em>Beleidigungen am Telefon, Anschreien an der Rezeption, Pr\u00fcgel im Behandlungszimmer \u2013 auch in Praxen, in Kliniken und in der Pflege nehmen Gewalterfahrungen immer weiter zu. Um diesen besorgniserregenden Trend endlich wieder umzukehren, muss die Thematik weiter aus der Tabuzone geholt werden. Vor allem bei sexueller Gewalt ist das Dunkelfeld besonders gro\u00df, weil Scham ein Anzeigen der Gewalt verhindern. Das PatientInnen-Netzwerk kann dabei mithelfen, f\u00fcr dieses Problem zu sensibilisieren. Niemand sollte Gewalt erfahren m\u00fcssen \u2013 weder Patientinnen und Patienten noch die Besch\u00e4ftigten im Gesundheitswesen.<\/em><\/p>\n","protected":false},"excerpt":{"rendered":"<p>Sprecherin f\u00fcr Arbeit, Gesundheit und Soziales (FDP) Sprecherin f\u00fcr Gleichstellung und Queerpolitik (FDP) Warum halten Sie die Arbeit des PatientInnen-Netzwerks f\u00fcr wichtig? Patientinnen und Patienten sind auf fundierte Hilfe angewiesen. Im Verh\u00e4ltnis zu denjenigen, die einen Heilberuf aus\u00fcben, wird sich ein Informationsungleichgewicht aber nie ganz vermeiden lassen. Um so wichtiger ist, dass es Institutionen gibt, [&hellip;]<\/p>\n","protected":false},"author":8,"featured_media":0,"parent":0,"menu_order":0,"comment_status":"closed","ping_status":"closed","template":"","meta":{"footnotes":""},"class_list":["post-2386","page","type-page","status-publish","hentry"],"_links":{"self":[{"href":"https:\/\/www.patientennetz.net\/index.php?rest_route=\/wp\/v2\/pages\/2386","targetHints":{"allow":["GET"]}}],"collection":[{"href":"https:\/\/www.patientennetz.net\/index.php?rest_route=\/wp\/v2\/pages"}],"about":[{"href":"https:\/\/www.patientennetz.net\/index.php?rest_route=\/wp\/v2\/types\/page"}],"author":[{"embeddable":true,"href":"https:\/\/www.patientennetz.net\/index.php?rest_route=\/wp\/v2\/users\/8"}],"replies":[{"embeddable":true,"href":"https:\/\/www.patientennetz.net\/index.php?rest_route=%2Fwp%2Fv2%2Fcomments&post=2386"}],"version-history":[{"count":1,"href":"https:\/\/www.patientennetz.net\/index.php?rest_route=\/wp\/v2\/pages\/2386\/revisions"}],"predecessor-version":[{"id":2387,"href":"https:\/\/www.patientennetz.net\/index.php?rest_route=\/wp\/v2\/pages\/2386\/revisions\/2387"}],"wp:attachment":[{"href":"https:\/\/www.patientennetz.net\/index.php?rest_route=%2Fwp%2Fv2%2Fmedia&parent=2386"}],"curies":[{"name":"wp","href":"https:\/\/api.w.org\/{rel}","templated":true}]}}