{"id":487,"date":"2010-01-22T15:07:10","date_gmt":"2010-01-22T13:07:10","guid":{"rendered":"http:\/\/www.patientennetz.net\/patientennetz_0509\/wordpress\/?page_id=487"},"modified":"2026-02-27T13:57:31","modified_gmt":"2026-02-27T12:57:31","slug":"arztbesuch","status":"publish","type":"page","link":"https:\/\/www.patientennetz.net\/?page_id=487","title":{"rendered":"Arztbesuch"},"content":{"rendered":"<h3>Wie finde ich einen guten Arzt?<\/h3>\n<p>Viele Patientinnen und Patienten stellen sich die Frage, an welchen Arzt Sie sich mit ihren gesundheitlichen Probleme am besten wenden. Der Arzt oder die \u00c4rztin soll fachlich kompetent sein und seine Patienten mit ihren gesundheitlichen Problemen ernst nehmen. Au\u00dferdem ist es Patientinnen und Patienten wichtig, dass sie sich vom Praxispersonal gut aufgehoben und betreut f\u00fchlen und die Abl\u00e4ufe in der Arztpraxis gut organisiert sind. Es f\u00e4llt Patientinnen und Patienten jedoch schwer einzusch\u00e4tzen, ob ein Arzt und eine Arztpraxis diese Erwartungen auch erf\u00fcllen k\u00f6nnen.<\/p>\n<p>Eine Hilfestellung gibt hier die <a href=\"http:\/\/www.patientennetz.net\/wp-content\/uploads\/Gute-Arztpraxis-Checkliste-KBV.pdf\">Gute Arztpraxis Checkliste KBV<\/a> des \u00c4rztlichen Zentrums f\u00fcr Qualit\u00e4t in der Medizin (\u00c4ZQ). In dieser Checkliste werden Kriterien f\u00fcr einen guten Arzt und eine gute Arztpraxis formuliert und es wird erl\u00e4utert woran Patientinnen und Patienten erkennen k\u00f6nnen, ob diese Kriterien erf\u00fcllt werden.<\/p>\n<h3>Wie kann ich mich auf einen Arztbesuch vorbereiten?<\/h3>\n<p>Einen <a href=\"http:\/\/www.patientennetz.net\/wp-content\/uploads\/Patientenbrief_2005-2_Fragebogen_Arztbesuch.pdf\" target=\"_blank\" rel=\"noopener\">Fragebogen<\/a> (PDF-Datei) f\u00fcr Patientinnen und Patienten zur Vorbereitung auf den Arztbesuch bietet das Informationsangebot <a href=\"http:\/\/gutepillen-schlechtepillen.de\/service\/vorbereitung-arztbesuch\/\" target=\"_blank\" rel=\"noopener\"><span class=\"external-link-new-window\">Gute Pillen \u2013 Schlechte Pillen<\/span><\/a>. In diesem Fragebogen werden patientenbezogene Informationen erfasst, z.B. zu Vorerkrankungen, Allergien oder Impfschutz. Diese Informationen helfen dem Arzt beim ersten Gespr\u00e4ch, sich schnell \u00fcber den Gesundheitszustand und weitere behandlungsrelevante Aspekte des Patienten zu informieren.<\/p>\n<p>Das Aktionsb\u00fcndnis Patientensicherheit hat auf einem Flyer Empfehlungen f\u00fcr Patient\/-innen und deren Angeh\u00f6rige zusammengestellt, die vor, w\u00e4hrend oder nach dem Arztbesuch hilfreich sein k\u00f6nnen: <a href=\"http:\/\/www.patientennetz.net\/wp-content\/uploads\/TippsArztpraxis_web.pdf\">TippsArztpraxis_web\u00a0<\/a><\/p>\n","protected":false},"excerpt":{"rendered":"<p>Wie finde ich einen guten Arzt? Viele Patientinnen und Patienten stellen sich die Frage, an welchen Arzt Sie sich mit ihren gesundheitlichen Probleme am besten wenden. Der Arzt oder die \u00c4rztin soll fachlich kompetent sein und seine Patienten mit ihren gesundheitlichen Problemen ernst nehmen. Au\u00dferdem ist es Patientinnen und Patienten wichtig, dass sie sich vom [&hellip;]<\/p>\n","protected":false},"author":3,"featured_media":0,"parent":991,"menu_order":1,"comment_status":"open","ping_status":"open","template":"","meta":{"footnotes":""},"class_list":["post-487","page","type-page","status-publish","hentry"],"_links":{"self":[{"href":"https:\/\/www.patientennetz.net\/index.php?rest_route=\/wp\/v2\/pages\/487","targetHints":{"allow":["GET"]}}],"collection":[{"href":"https:\/\/www.patientennetz.net\/index.php?rest_route=\/wp\/v2\/pages"}],"about":[{"href":"https:\/\/www.patientennetz.net\/index.php?rest_route=\/wp\/v2\/types\/page"}],"author":[{"embeddable":true,"href":"https:\/\/www.patientennetz.net\/index.php?rest_route=\/wp\/v2\/users\/3"}],"replies":[{"embeddable":true,"href":"https:\/\/www.patientennetz.net\/index.php?rest_route=%2Fwp%2Fv2%2Fcomments&post=487"}],"version-history":[{"count":9,"href":"https:\/\/www.patientennetz.net\/index.php?rest_route=\/wp\/v2\/pages\/487\/revisions"}],"predecessor-version":[{"id":2478,"href":"https:\/\/www.patientennetz.net\/index.php?rest_route=\/wp\/v2\/pages\/487\/revisions\/2478"}],"up":[{"embeddable":true,"href":"https:\/\/www.patientennetz.net\/index.php?rest_route=\/wp\/v2\/pages\/991"}],"wp:attachment":[{"href":"https:\/\/www.patientennetz.net\/index.php?rest_route=%2Fwp%2Fv2%2Fmedia&parent=487"}],"curies":[{"name":"wp","href":"https:\/\/api.w.org\/{rel}","templated":true}]}}