{"id":751,"date":"2012-06-15T13:09:56","date_gmt":"2012-06-15T11:09:56","guid":{"rendered":"http:\/\/www.patientennetz.net\/patientennetz_0509\/wordpress\/?page_id=751"},"modified":"2025-02-24T22:25:35","modified_gmt":"2025-02-24T21:25:35","slug":"diagnosen","status":"publish","type":"page","link":"https:\/\/www.patientennetz.net\/?page_id=751","title":{"rendered":"Diagnosen"},"content":{"rendered":"<h3 style=\"white-space: pre-wrap; word-wrap: break-word;\">\u00dcbersetzung von Diagnosen<\/h3>\n<p>Medizinische Befunde und Arztbriefe sind von Fachleuten f\u00fcr Fachleute geschrieben. F\u00fcr Patient\/-innen, die einen Anspruch auf eine Kopie des Befunds haben, bleibt die Diagnose jedoch meist unverst\u00e4ndlich. Das Sozialunternehmen \u201eWas hab&#8216; ich?&#8220; aus Dresden betreibt ein Online-Portal (<a href=\"http:\/\/www.washabich.de\" target=\"_blank\" rel=\"noopener\">www.washabich.de<\/a>), auf dem Medizinstudent\/-innen ehrenamtlich und kostenlos \u00e4rztliche Befunde in eine f\u00fcr Patient\/-innen verst\u00e4ndliche Sprache \u00fcbersetzen. Das Projekt hat inzwischen viele unterschiedliche Preise gewonnen und wurde auch von der <a href=\"http:\/\/www.test.de\/Internetportal-wwwwashabichde-Uebersetzer-fuer-Diagnosen-4317504-4317506\/\">Stiftung Warentest<\/a> ausprobiert und bewertet.<\/p>\n<h3>Umgang mit Diagnosen<\/h3>\n<p>Auch der Umgang mit einer Diagnose ist f\u00fcr viele Patient\/-innen und ihre Angeh\u00f6rigen eine Herausforderung. Gerade bei Diagnosen von schweren oder chronischen Erkrankungen ver\u00e4ndert sich unter Umst\u00e4nden das ganze Leben und einiges muss neu sortiert und betrachtet werden. Neben dem Bed\u00fcrfnis, Informationen \u00fcber die Erkrankung zu bekommen, k\u00f6nnen auch Gef\u00fchle wie Angst, Wut oder Traurigkeit eine gro\u00dfe Rolle spielen. Entlastung kann hier der Austausch mit anderen Gleichbetroffenen in einer Selbsthilfegruppe bringen. Informationen zu Selbsthilfe-Kontaktstellen, Selbsthilfe-Organisationen und Themen von Selbsthilfegruppen vor Ort in Nordrhein-Westfalen finden sich im Selbsthilfenetz unter\u00a0<a href=\"http:\/\/www.selbsthilfenetz.de\/\" target=\"_blank\" rel=\"noopener\">http:\/\/www.selbsthilfenetz.de\/<\/a><\/p>\n<p>Zum Umgang mit der Diagnose Krebs hat der <a href=\"https:\/\/www.krebsinformationsdienst.de\/leben\/krankheitsverarbeitung\/index.php\" target=\"_blank\" rel=\"noopener\">Krebsinformationsdienst<\/a> einige Informationen zusammengestellt. Dort gibt es auch konkrete Tipps f\u00fcr den <a href=\"https:\/\/www.krebsinformationsdienst.de\/leben\/krankheitsverarbeitung\/krebsdiagnose.php\" target=\"_blank\" rel=\"noopener\">Umgang mit der Diagnose<\/a> in den ersten Tagen.<\/p>\n<h3>Abk\u00fcrzungen<\/h3>\n<p>Mithilfe des Diagnoseschl\u00fcssels ICD-10 codieren \u00c4rzte, Psychologen und Zahn\u00e4rzte die Diagnosen ihrer Patient\/-innen, um Krankheiten international einheitlich definieren zu k\u00f6nnen. Beim <a href=\"https:\/\/www.dimdi.de\/dynamic\/de\/klassifikationen\/icd\/icd-10-gm\/\" target=\"_blank\" rel=\"noopener\">DIMDI <\/a>(Deutsches Institut f\u00fcr medizinsiche Dokumentation und Information) k\u00f6nnen die jeweiligen Codes in eine Suchmaschine eingegeben werden, so dass ersichtlich wird, welche Erkrankung diagnostiziert wurde.<\/p>\n<p>&nbsp;<\/p>\n<p>&nbsp;<\/p>\n","protected":false},"excerpt":{"rendered":"<p>\u00dcbersetzung von Diagnosen Medizinische Befunde und Arztbriefe sind von Fachleuten f\u00fcr Fachleute geschrieben. F\u00fcr Patient\/-innen, die einen Anspruch auf eine Kopie des Befunds haben, bleibt die Diagnose jedoch meist unverst\u00e4ndlich. Das Sozialunternehmen \u201eWas hab&#8216; ich?&#8220; aus Dresden betreibt ein Online-Portal (www.washabich.de), auf dem Medizinstudent\/-innen ehrenamtlich und kostenlos \u00e4rztliche Befunde in eine f\u00fcr Patient\/-innen verst\u00e4ndliche Sprache [&hellip;]<\/p>\n","protected":false},"author":3,"featured_media":0,"parent":991,"menu_order":2,"comment_status":"closed","ping_status":"closed","template":"","meta":{"footnotes":""},"class_list":["post-751","page","type-page","status-publish","hentry"],"_links":{"self":[{"href":"https:\/\/www.patientennetz.net\/index.php?rest_route=\/wp\/v2\/pages\/751","targetHints":{"allow":["GET"]}}],"collection":[{"href":"https:\/\/www.patientennetz.net\/index.php?rest_route=\/wp\/v2\/pages"}],"about":[{"href":"https:\/\/www.patientennetz.net\/index.php?rest_route=\/wp\/v2\/types\/page"}],"author":[{"embeddable":true,"href":"https:\/\/www.patientennetz.net\/index.php?rest_route=\/wp\/v2\/users\/3"}],"replies":[{"embeddable":true,"href":"https:\/\/www.patientennetz.net\/index.php?rest_route=%2Fwp%2Fv2%2Fcomments&post=751"}],"version-history":[{"count":5,"href":"https:\/\/www.patientennetz.net\/index.php?rest_route=\/wp\/v2\/pages\/751\/revisions"}],"predecessor-version":[{"id":1953,"href":"https:\/\/www.patientennetz.net\/index.php?rest_route=\/wp\/v2\/pages\/751\/revisions\/1953"}],"up":[{"embeddable":true,"href":"https:\/\/www.patientennetz.net\/index.php?rest_route=\/wp\/v2\/pages\/991"}],"wp:attachment":[{"href":"https:\/\/www.patientennetz.net\/index.php?rest_route=%2Fwp%2Fv2%2Fmedia&parent=751"}],"curies":[{"name":"wp","href":"https:\/\/api.w.org\/{rel}","templated":true}]}}